 9*m**2 + 10*m - 10. Suppose 2*y + 5*v + 13 = 0, -5*y + 5*v = 29 + 21. Let c(p) = p**2 + 13*p + 44. Let i be c(y). Give k(i).
6
Let t(u) = 2*u**3 + 3*u**2 - 5*u - 2. Suppose 4*x - 105 = x. Suppose -25 - x = 20*j. Give t(j).
-14
Let w(f) be the first derivative of f**5/40 - f**4/2 + 5*f**3/3 + 3*f + 111. Let a(q) be the third derivative of w(q). What is a(10)?
18
Let t(z) = 387*z - 1540*z + 2*z**2 + 375*z + 383*z + 28 + 389*z. Give t(6).
64
Suppose -6*m - 24833 = -24863. Let p(k) = -k**2 + 6*k - 5. Determine p(m).
0
Let h(a) = -2*a**2 - 72*a - 140. Let b be h(-34). Let z(i) be the second derivative of -i**5/20 - i**4/4 - i**3/6 - i**2/2 + 3*i. What is z(b)?
19
Let s(p) = p**3 + 9*p**2 - p - 7. Let k be 294 - 303 - 1/(-2)*0. Determine s(k).
2
Let w be 126/(-336) - (-6)/16. Let f(g) = 2*g + 25. Let a(n) = n + 13. Let j(i) = 7*a(i) - 4*f(i). Give j(w).
-9
Suppose 366 = 2*v + 360. Let y(k) = 7*k + 3. Let i(d) = 19*d + 10. Let a(j) = v*i(j) - 8*y(j). Let z(b) = -b + 1. Let s be z(6). Give a(s).
1
Let y(b) = b**3 - 6*b**2 + 7*b - 1. Suppose -17*q + 12*q - 45 = 0. Let n be 8/3 + 6/q. Suppose 17 = 5*r + 2*x, -3*r = n*x + 3*x + 5. Calculate y(r).
9
Suppose d - 11 = -1. Let c(j) be the first derivative of j**2/2 - 10*j - 819. Determine c(d).
0
Let l(v) = 8*v**2 - 131*v - 15. Let i(x) = 15*x**2 - 243*x - 28. Let k(b) = -6*i(b) + 11*l(b). Determine k(12).
-81
Let f(t) = -7*t**2 - 27*t - 3. Let c(i) = 2*i**2 - i - 4. Let o be c(2). Let w(m) = -3*m**2 - 13*m - 1. Let a(y) = o*f(y) - 5*w(y). What is a(-11)?
-1
Let b be 2/3*-3 + 0. Let k(p) be the second derivative of -p**5/20 - p**4/4 - p**3/3 - 3*p**2/2 - 2286*p + 2. Give k(b).
-3
Let l(h) = h**3 + 7*h**2 - 7. Suppose -47*c = 20*c + 53*c + 600. Calculate l(c).
43
Let g(k) = -2*k**3 - 21*k**2 + 8*k - 27. Let m be g(-11). Let v(h) = h**3 + 9*h**2 - 11*h + 1. Let t be v(-10). Let a(j) = -8 + 2*j + t - 11. Calculate a(m).
4
Let q(i) = 8*i**3 - 6*i**2 + 8*i - 4. Suppose 1203 = -2*w + 3*p + 1228, 8 = -3*w - 2*p. Give q(w).
52
Let p(z) = -9*z**2 - 10*z + 6. Let k(g) = -2*g**2. Let x(s) = -4*k(s) + p(s). Calculate x(-12).
-18
Let t be (-25)/7 + 2 - (-176)/308. Let q(r) be the second derivative of -3*r**4/4 + r**3/6 + r**2 + 10*r. Determine q(t).
-8
Let d = 143 - 134. Suppose -24 = -g - d. Let r(z) = g*z + 16*z + 2 - z**2 - 30*z. What is r(-3)?
-10
Let s(b) = -9*b**2 + 19*b + 37. Let k(w) = -20*w**2 + 37*w + 89. Let v(t) = 5*k(t) - 11*s(t). Determine v(-25).
13
Suppose 802*j - 833*j = 93. Let o(p) = -p - 8. Give o(j).
-5
Let j(m) = -3*m + m + 3*m + 1. Let t be 0 + (-16)/(176/(-55)). Give j(t).
6
Let q(r) = 6*r - 10. Let i(o) = -4*o + 7. Let h(f) = 7*i(f) + 5*q(f). Let w = -5 + 9. Suppose 0 = -0*m - 5*m + w*y + 2, -3*m + 2*y = -2. Give h(m).
3
Suppose 14*o - 19 - 23 = 0. Let w(i) = -1 - 1 + 2*i + 1 - o*i**3. Calculate w(1).
-2
Let a(y) = -8*y - 5. Let s be ((-1)/(-2) + 1)*(-38 - -42). Let q(o) = -25*o - 19. Let x(f) = s*q(f) - 19*a(f). Calculate x(13).
7
Suppose -469*v = -35*v + 4774. Let o(x) = x**3 + 7*x**2 - 41*x + 39. Give o(v).
6
Let j be 0 + (-8)/(-12) + 185/15. Suppose 4*o = 4*f + j + 23, o - 17 = 3*f. Let x(c) = 26*c + 2*c**2 - c**3 - 32*c + o*c**2 + 1. Determine x(6).
1
Let k(b) = 6*b - 1. Let m(t) = t - 1. Let s be m(3). Suppose -q + 4*v = s*v - 15, 0 = 5*v + 20. Suppose 15 = -q*i + 8. What is k(i)?
-7
Let q(d) = -77*d**2 - 1 + 20*d - 23*d + 76*d**2. Calculate q(-1).
1
Let q be (980/(-40) - -24)/((-1)/24). Let n be (-26)/(-91) + 4/(-14). Let g(h) = n*h**2 + 21*h + 3 - h**2 - 9*h - 4. Give g(q).
-1
Let k(v) = -7*v**3 + 47*v**2 - 47*v + 109. Let c(d) = -4*d**3 + 27*d**2 - 25*d + 62. Let z(l) = 16*c(l) - 9*k(l). Determine z(11).
22
Let o(s) = -9*s**2 - 415*s**3 + 6465 + 414*s**3 - 6470. Give o(-9).
-5
Let w be 6*((-5 - 1) + (-1872)/(-384))*4. Let l(k) = k**2 + 26*k - 33. Calculate l(w).
-6
Let k(u) = 13*u**2 + 19*u**2 + 18*u**2 + 3*u + 0 + 4 - 6*u**2. Calculate k(-1).
45
Let s(w) = -3*w**2 + 18*w - 93. Let h(l) = l**2 - 5*l + 25. Let y(c) = -22*h(c) - 6*s(c). Give y(0).
8
Let n(f) be the third derivative of 3*f**2 + 7/24*f**4 - 2/3*f**3 - 7/60*f**5 + 1/120*f**6 + 0*f - 10. Let l(z) = -3*z - 6. Let i be l(-4). What is n(i)?
2
Let c(d) be the second derivative of -d**2/2 - 79*d. Let a(b) = 17*b - 2. Let t(h) = a(h) - 5*c(h). Calculate t(-2).
-31
Let o be 6*(-5)/30 + 233/1. Let h = 231 - o. Let y(p) = 16*p + 1. Give y(h).
-15
Let n(t) = -t**3 + 4*t**2 + 2*t. Suppose -2*m = -m - l - 19, -3*l = -m + 27. Let c be -3*93/(m/(-5)). Let s = -89 + c. Calculate n(s).
8
Let y(i) = -7*i**2 - 31*i - 7. Suppose 0 = 148*l + 458 + 329 - 195. Determine y(l).
5
Let h(s) = 6*s - 5 - 5*s - 3*s + 3*s. Let t be -17 - 0 - (-1056)/48. Give h(t).
0
Let x(v) = -9*v - 29. Let y be x(-4). Let l(t) = y - 2 + 27*t - 12*t - 18*t - 2. What is l(2)?
-3
Let q = 3022 + -3025. Let b be 0*3/9 + 2. Let s(y) = y - b*y - y. Calculate s(q).
6
Let b(k) = 66 + 12*k - 17*k + 164 - 20*k - 12*k. Give b(6).
8
Let l(p) = 4*p**2 - 12*p + 10. Suppose 52 = 118*v + 84 - 386. Determine l(v).
10
Let w(d) = d**2 - 6*d - 19. Let n = -21154 - -21161. Determine w(n).
-12
Let b(p) = p**3 - 7*p**2 + 14*p - 6. Let c be ((-686)/294)/(3 + 122/(-36)). Calculate b(c).
42
Let t(a) be the third derivative of a**6/120 - a**5/30 + a**4/24 + 19*a**2. Suppose 49*x - 42*x = 21. Determine t(x).
12
Let m(y) = -23 + 117*y + 7 - 5 - 52*y - 63*y. What is m(7)?
-7
Let s(f) = 3*f + 11. Let q be ((-3)/1)/(6/8). Let a be s(q). Let o(t) be the third derivative of -3*t**6/20 + 7*t**2. Give o(a).
18
Let k(p) be the second derivative of 40*p**3/3 - 3*p**2/2 - 27*p - 25. Determine k(-1).
-83
Let v = -200 + 202. Let q(t) = 1123*t**2 + 5*t - 1126*t**v - t - 3. Calculate q(2).
-7
Let x(v) = 5 + v + 3 - 6 - 1. Let t(q) = q**3 - 26*q**2 + 47*q + 29. Let a be t(24). Let s(g) = g - 6. Let k(f) = a*x(f) + s(f). Calculate k(2).
11
Let b(p) = 31*p**2 + 119*p + 318. Let u(r) = 11*r**2 - 2*r. Let l(j) = -b(j) + 3*u(j). Give l(65).
7
Suppose 2*v - v = -y + 34, 0 = -2*v + 5*y + 54. Let z be ((-6)/(-30) - 1)/((-2)/10). Suppose 12*w + v = z*w. Let u(q) = q**2 - 4. Calculate u(w).
12
Let g(r) = -5*r**2 - 48*r - 4. Let o be g(0). Let h(v) = -v**3 - 4*v**2 + 5*v + 10. What is h(o)?
-10
Suppose 11*b + 26 = -7. Let l(z) be the first derivative of 2*z + 16 - 1/3*z**3 + 5/2*z**2. Give l(b).
-22
Let j(w) = -w**3 - 2*w**2 - 33*w - 170. Let b be j(-4). Let q(u) = 4*u + 31. Calculate q(b).
7
Let u = 2283 + -2289. Let q(k) = -2*k**2 - 4*k + 2. Determine q(u).
-46
Let d(m) = m**3 + 12*m**2 - 5*m - 10. Let g be ((-1215)/(-54) - 22)/(1/(-24)). Determine d(g).
50
Let o = -27 + -5. Let c = 39 + o. Let v(r) = -r**3 + r**2. Let k(t) = -7*t**3 + 13*t**2 + t - 9. Let l(m) = k(m) - 6*v(m). Calculate l(c).
-2
Let y(j) be the second derivative of 0 + 31*j - 3/2*j**2 + 1/6*j**3 + 1/20*j**5 + 7/12*j**4. What is y(-6)?
27
Let z(n) = n**3 - 10*n**2 - 9*n - 10. Let q(v) = -3*v**2 + 26*v - 18. Let m be q(18). Let b = m - -533. Give z(b).
12
Suppose -3*f + f = -2*y - 6, -y - 9 = -3*f. Let n(t) = -5*t**f + 13*t**2 - 8 + 4*t**3 - 116*t - 10 + 105*t. Determine n(12).
-6
Let j = 1 + 1. Let m(n) be the first derivative of n**6/120 + n**5/60 + n**4/24 - 63*n**2 + 140. Let p(h) be the second derivative of m(h). Determine p(j).
14
Suppose 0*g - 10 = -2*g. Let w(h) be the second derivative of h**4/8 - 7*h**3/6 + 3*h**2/2 - 4*h. Let n(m) be the first derivative of w(m). What is n(g)?
8
Suppose -5*h + 7*n - 4*n = 75, 3*n = 0. Let f(k) = k**3 + 14*k**2 - 17*k - 17. What is f(h)?
13
Suppose 5*m = 2*j - 30, -3*j - 4*m - 6 = -j. Suppose y - 24 - 7 = 5*p, 4*p = -j*y + 10. Let q(a) = 5*a + 0*a - 1 - y*a. Give q(-2).
1
Let x(u) = -1. Let s(g) = -3*g**3 + 2*g + 2. Let t(w) = s(w) + 3*x(w). Suppose 17*o = 9*o + 24. Suppose -o*h + 4*c = -2*h - 5, 0 = 2*h + c - 1. Give t(h).
-2
Let l(z) = -z**2 - 2*z - 4. Let v be l(0). Let f(m) be the second derivative of -m**5/20 - 5*m**4/12 - 5*m**3/6 - 10*m. Give f(v).
4
Let q be ((6 - -6) + -9)*3. Let c(f) be the third derivative of -f**5/60 + 5*f**4/12 + 7*f**3/6 + 2*f**2. Determine c(q).
16
Let p(z) = 9 + 333*z - 2*z**2 + 352*z - 686*z - z**3. What is p(0)?
9
Let d(i) = -2*i - 1. Let w(r) = 5*r + 2. Let x(p) = -7*d(p) - 3*w(p). Let a be (-14)/(-2)*(-13)/(819/54). Let q be (-16)/a + 2/(-3). What is x(q)?
-1
Let u(q) = 19